{"id":133206,"date":"2023-11-16T16:02:32","date_gmt":"2023-11-16T15:02:32","guid":{"rendered":"https:\/\/www.chaka2.com\/projects\/red-bull-flugtag\/"},"modified":"2025-01-22T13:41:09","modified_gmt":"2025-01-22T12:41:09","slug":"red-bull-flugtag","status":"publish","type":"portfolio","link":"https:\/\/www.chaka2.com\/de\/projects\/red-bull-flugtag\/","title":{"rendered":"Red Bull Flugtag"},"content":{"rendered":"<h2><span class=\"ui-provider ee bof bog boh boi boj bok bol bom bon boo bop boq bor bos bot bou bov bow box boy boz bpa bpb bpc bpd bpe bpf bpg bph bpi bpj bpk bpl bpm\" dir=\"ltr\">Take Flight<\/span>!<\/h2>\n<p>Am 26. September 2021 kehrte der Red Bull Flugtag nach neun Jahren in die Brigittenauer Bucht zur\u00fcck, und Chaka2 \u00fcbernahm die <strong>Event Planung &amp; Umsetzung<\/strong>. Mit vierzig Teams, die kreative Flugger\u00e4te pr\u00e4sentierten, begeisterte das Event die Zuschauer. Chaka2 war f\u00fcr das <strong>Branding der Veranstaltung<\/strong>, die <strong>Integration der Partner<\/strong> und ma\u00dfgeschneiderte <strong>Getr\u00e4nkekarten<\/strong> zust\u00e4ndig. F\u00fcr die musikalische Untermalung sorgte Folkshilfe, w\u00e4hrend Chaka2 in den Bereichen <strong>Aktivierungen &amp; Promotion Pool<\/strong> sowie <strong>Roadshow &amp; Logistik<\/strong> unterst\u00fctzte. Die <strong>Social Media &amp; Content Creation<\/strong> brachte das Event digital zum Leben, w\u00e4hrend <strong>Grafik Design<\/strong> f\u00fcr ein unverwechselbares visuelles Erlebnis sorgte.<\/p>\n<p>Dank der engen Zusammenarbeit mit Emak Productions GmbH und Red Bull Austria wurde dieser spektakul\u00e4re Flugtag ein voller Erfolg.<\/p>\n<p>&nbsp;<\/p>\n<p>2021<\/p>\n","protected":false},"excerpt":{"rendered":"<p>Take Flight! Am 26. September 2021 kehrte der Red Bull Flugtag nach neun Jahren in die Brigittenauer Bucht zur\u00fcck, und [&hellip;]<\/p>\n","protected":false},"author":2,"featured_media":132833,"parent":0,"menu_order":60,"comment_status":"closed","ping_status":"closed","template":"","meta":{"footnotes":""},"portfolio_category":[193,254,192,207],"class_list":["post-133206","portfolio","type-portfolio","status-publish","has-post-thumbnail","hentry","portfolio_category-mice-corporate-de","portfolio_category-sport-musik-event-de","portfolio_category-branding-de","portfolio_category-red-bull-de"],"yoast_head":"<!-- This site is optimized with the Yoast SEO plugin v27.5 - https:\/\/yoast.com\/product\/yoast-seo-wordpress\/ -->\n<title>Red Bull Flugtag | Chaka2<\/title>\n<meta name=\"robots\" content=\"index, follow, max-snippet:-1, max-image-preview:large, max-video-preview:-1\" \/>\n<link rel=\"canonical\" href=\"https:\/\/www.chaka2.com\/de\/projects\/red-bull-flugtag\/\" \/>\n<meta property=\"og:locale\" content=\"de_DE\" \/>\n<meta property=\"og:type\" content=\"article\" \/>\n<meta property=\"og:title\" content=\"Red Bull Flugtag | Chaka2\" \/>\n<meta property=\"og:description\" content=\"Take Flight! Am 26. September 2021 kehrte der Red Bull Flugtag nach neun Jahren in die Brigittenauer Bucht zur\u00fcck, und [&hellip;]\" \/>\n<meta property=\"og:url\" content=\"https:\/\/www.chaka2.com\/de\/projects\/red-bull-flugtag\/\" \/>\n<meta property=\"og:site_name\" content=\"Chaka2\" \/>\n<meta property=\"article:modified_time\" content=\"2025-01-22T12:41:09+00:00\" \/>\n<meta property=\"og:image\" content=\"https:\/\/www.chaka2.com\/wp-content\/uploads\/SI202109260948_hires_jpeg_24bit_rgb.jpg\" \/>\n\t<meta property=\"og:image:width\" content=\"1920\" \/>\n\t<meta property=\"og:image:height\" content=\"1280\" \/>\n\t<meta property=\"og:image:type\" content=\"image\/jpeg\" \/>\n<meta name=\"twitter:card\" content=\"summary_large_image\" \/>\n<meta name=\"twitter:label1\" content=\"Gesch\u00e4tzte Lesezeit\" \/>\n\t<meta name=\"twitter:data1\" content=\"1\u00a0Minute\" \/>\n<script type=\"application\/ld+json\" class=\"yoast-schema-graph\">{\"@context\":\"https:\\\/\\\/schema.org\",\"@graph\":[{\"@type\":\"WebPage\",\"@id\":\"https:\\\/\\\/www.chaka2.com\\\/de\\\/projects\\\/red-bull-flugtag\\\/\",\"url\":\"https:\\\/\\\/www.chaka2.com\\\/de\\\/projects\\\/red-bull-flugtag\\\/\",\"name\":\"Red Bull Flugtag | Chaka2\",\"isPartOf\":{\"@id\":\"https:\\\/\\\/www.chaka2.com\\\/de\\\/#website\"},\"primaryImageOfPage\":{\"@id\":\"https:\\\/\\\/www.chaka2.com\\\/de\\\/projects\\\/red-bull-flugtag\\\/#primaryimage\"},\"image\":{\"@id\":\"https:\\\/\\\/www.chaka2.com\\\/de\\\/projects\\\/red-bull-flugtag\\\/#primaryimage\"},\"thumbnailUrl\":\"https:\\\/\\\/www.chaka2.com\\\/wp-content\\\/uploads\\\/SI202109260948_hires_jpeg_24bit_rgb.jpg\",\"datePublished\":\"2023-11-16T15:02:32+00:00\",\"dateModified\":\"2025-01-22T12:41:09+00:00\",\"breadcrumb\":{\"@id\":\"https:\\\/\\\/www.chaka2.com\\\/de\\\/projects\\\/red-bull-flugtag\\\/#breadcrumb\"},\"inLanguage\":\"de\",\"potentialAction\":[{\"@type\":\"ReadAction\",\"target\":[\"https:\\\/\\\/www.chaka2.com\\\/de\\\/projects\\\/red-bull-flugtag\\\/\"]}]},{\"@type\":\"ImageObject\",\"inLanguage\":\"de\",\"@id\":\"https:\\\/\\\/www.chaka2.com\\\/de\\\/projects\\\/red-bull-flugtag\\\/#primaryimage\",\"url\":\"https:\\\/\\\/www.chaka2.com\\\/wp-content\\\/uploads\\\/SI202109260948_hires_jpeg_24bit_rgb.jpg\",\"contentUrl\":\"https:\\\/\\\/www.chaka2.com\\\/wp-content\\\/uploads\\\/SI202109260948_hires_jpeg_24bit_rgb.jpg\",\"width\":1920,\"height\":1280,\"caption\":\"Winners DIE FLUEGELMUETTER perform during the Red Bull Flugtag 2021 in Vienna, Austria on September 26, 2021 \\\/\\\/ Philip Platzer \\\/ Red Bull Content Pool \\\/\\\/ SI202109260948 \\\/\\\/ Usage for editorial use only \\\/\\\/\"},{\"@type\":\"BreadcrumbList\",\"@id\":\"https:\\\/\\\/www.chaka2.com\\\/de\\\/projects\\\/red-bull-flugtag\\\/#breadcrumb\",\"itemListElement\":[{\"@type\":\"ListItem\",\"position\":1,\"name\":\"Startseite\",\"item\":\"https:\\\/\\\/www.chaka2.com\\\/de\\\/\"},{\"@type\":\"ListItem\",\"position\":2,\"name\":\"Project\",\"item\":\"https:\\\/\\\/www.chaka2.com\\\/de\\\/projects\\\/\"},{\"@type\":\"ListItem\",\"position\":3,\"name\":\"Red Bull Flugtag\"}]},{\"@type\":\"WebSite\",\"@id\":\"https:\\\/\\\/www.chaka2.com\\\/de\\\/#website\",\"url\":\"https:\\\/\\\/www.chaka2.com\\\/de\\\/\",\"name\":\"Chaka2\",\"description\":\"The Live Marketing Agency in Salzburg\",\"publisher\":{\"@id\":\"https:\\\/\\\/www.chaka2.com\\\/de\\\/#organization\"},\"potentialAction\":[{\"@type\":\"SearchAction\",\"target\":{\"@type\":\"EntryPoint\",\"urlTemplate\":\"https:\\\/\\\/www.chaka2.com\\\/de\\\/?s={search_term_string}\"},\"query-input\":{\"@type\":\"PropertyValueSpecification\",\"valueRequired\":true,\"valueName\":\"search_term_string\"}}],\"inLanguage\":\"de\"},{\"@type\":\"Organization\",\"@id\":\"https:\\\/\\\/www.chaka2.com\\\/de\\\/#organization\",\"name\":\"Chaka2\",\"url\":\"https:\\\/\\\/www.chaka2.com\\\/de\\\/\",\"logo\":{\"@type\":\"ImageObject\",\"inLanguage\":\"de\",\"@id\":\"https:\\\/\\\/www.chaka2.com\\\/de\\\/#\\\/schema\\\/logo\\\/image\\\/\",\"url\":\"https:\\\/\\\/www.chaka2.com\\\/wp-content\\\/uploads\\\/Chaka2_Black_Logo.png\",\"contentUrl\":\"https:\\\/\\\/www.chaka2.com\\\/wp-content\\\/uploads\\\/Chaka2_Black_Logo.png\",\"width\":959,\"height\":247,\"caption\":\"Chaka2\"},\"image\":{\"@id\":\"https:\\\/\\\/www.chaka2.com\\\/de\\\/#\\\/schema\\\/logo\\\/image\\\/\"}}]}<\/script>\n<!-- \/ Yoast SEO plugin. -->","yoast_head_json":{"title":"Red Bull Flugtag | Chaka2","robots":{"index":"index","follow":"follow","max-snippet":"max-snippet:-1","max-image-preview":"max-image-preview:large","max-video-preview":"max-video-preview:-1"},"canonical":"https:\/\/www.chaka2.com\/de\/projects\/red-bull-flugtag\/","og_locale":"de_DE","og_type":"article","og_title":"Red Bull Flugtag | Chaka2","og_description":"Take Flight! Am 26. September 2021 kehrte der Red Bull Flugtag nach neun Jahren in die Brigittenauer Bucht zur\u00fcck, und [&hellip;]","og_url":"https:\/\/www.chaka2.com\/de\/projects\/red-bull-flugtag\/","og_site_name":"Chaka2","article_modified_time":"2025-01-22T12:41:09+00:00","og_image":[{"width":1920,"height":1280,"url":"https:\/\/www.chaka2.com\/wp-content\/uploads\/SI202109260948_hires_jpeg_24bit_rgb.jpg","type":"image\/jpeg"}],"twitter_card":"summary_large_image","twitter_misc":{"Gesch\u00e4tzte Lesezeit":"1\u00a0Minute"},"schema":{"@context":"https:\/\/schema.org","@graph":[{"@type":"WebPage","@id":"https:\/\/www.chaka2.com\/de\/projects\/red-bull-flugtag\/","url":"https:\/\/www.chaka2.com\/de\/projects\/red-bull-flugtag\/","name":"Red Bull Flugtag | Chaka2","isPartOf":{"@id":"https:\/\/www.chaka2.com\/de\/#website"},"primaryImageOfPage":{"@id":"https:\/\/www.chaka2.com\/de\/projects\/red-bull-flugtag\/#primaryimage"},"image":{"@id":"https:\/\/www.chaka2.com\/de\/projects\/red-bull-flugtag\/#primaryimage"},"thumbnailUrl":"https:\/\/www.chaka2.com\/wp-content\/uploads\/SI202109260948_hires_jpeg_24bit_rgb.jpg","datePublished":"2023-11-16T15:02:32+00:00","dateModified":"2025-01-22T12:41:09+00:00","breadcrumb":{"@id":"https:\/\/www.chaka2.com\/de\/projects\/red-bull-flugtag\/#breadcrumb"},"inLanguage":"de","potentialAction":[{"@type":"ReadAction","target":["https:\/\/www.chaka2.com\/de\/projects\/red-bull-flugtag\/"]}]},{"@type":"ImageObject","inLanguage":"de","@id":"https:\/\/www.chaka2.com\/de\/projects\/red-bull-flugtag\/#primaryimage","url":"https:\/\/www.chaka2.com\/wp-content\/uploads\/SI202109260948_hires_jpeg_24bit_rgb.jpg","contentUrl":"https:\/\/www.chaka2.com\/wp-content\/uploads\/SI202109260948_hires_jpeg_24bit_rgb.jpg","width":1920,"height":1280,"caption":"Winners DIE FLUEGELMUETTER perform during the Red Bull Flugtag 2021 in Vienna, Austria on September 26, 2021 \/\/ Philip Platzer \/ Red Bull Content Pool \/\/ SI202109260948 \/\/ Usage for editorial use only \/\/"},{"@type":"BreadcrumbList","@id":"https:\/\/www.chaka2.com\/de\/projects\/red-bull-flugtag\/#breadcrumb","itemListElement":[{"@type":"ListItem","position":1,"name":"Startseite","item":"https:\/\/www.chaka2.com\/de\/"},{"@type":"ListItem","position":2,"name":"Project","item":"https:\/\/www.chaka2.com\/de\/projects\/"},{"@type":"ListItem","position":3,"name":"Red Bull Flugtag"}]},{"@type":"WebSite","@id":"https:\/\/www.chaka2.com\/de\/#website","url":"https:\/\/www.chaka2.com\/de\/","name":"Chaka2","description":"The Live Marketing Agency in Salzburg","publisher":{"@id":"https:\/\/www.chaka2.com\/de\/#organization"},"potentialAction":[{"@type":"SearchAction","target":{"@type":"EntryPoint","urlTemplate":"https:\/\/www.chaka2.com\/de\/?s={search_term_string}"},"query-input":{"@type":"PropertyValueSpecification","valueRequired":true,"valueName":"search_term_string"}}],"inLanguage":"de"},{"@type":"Organization","@id":"https:\/\/www.chaka2.com\/de\/#organization","name":"Chaka2","url":"https:\/\/www.chaka2.com\/de\/","logo":{"@type":"ImageObject","inLanguage":"de","@id":"https:\/\/www.chaka2.com\/de\/#\/schema\/logo\/image\/","url":"https:\/\/www.chaka2.com\/wp-content\/uploads\/Chaka2_Black_Logo.png","contentUrl":"https:\/\/www.chaka2.com\/wp-content\/uploads\/Chaka2_Black_Logo.png","width":959,"height":247,"caption":"Chaka2"},"image":{"@id":"https:\/\/www.chaka2.com\/de\/#\/schema\/logo\/image\/"}}]}},"_links":{"self":[{"href":"https:\/\/www.chaka2.com\/de\/wp-json\/wp\/v2\/portfolio\/133206","targetHints":{"allow":["GET"]}}],"collection":[{"href":"https:\/\/www.chaka2.com\/de\/wp-json\/wp\/v2\/portfolio"}],"about":[{"href":"https:\/\/www.chaka2.com\/de\/wp-json\/wp\/v2\/types\/portfolio"}],"author":[{"embeddable":true,"href":"https:\/\/www.chaka2.com\/de\/wp-json\/wp\/v2\/users\/2"}],"replies":[{"embeddable":true,"href":"https:\/\/www.chaka2.com\/de\/wp-json\/wp\/v2\/comments?post=133206"}],"version-history":[{"count":4,"href":"https:\/\/www.chaka2.com\/de\/wp-json\/wp\/v2\/portfolio\/133206\/revisions"}],"predecessor-version":[{"id":135823,"href":"https:\/\/www.chaka2.com\/de\/wp-json\/wp\/v2\/portfolio\/133206\/revisions\/135823"}],"wp:featuredmedia":[{"embeddable":true,"href":"https:\/\/www.chaka2.com\/de\/wp-json\/wp\/v2\/media\/132833"}],"wp:attachment":[{"href":"https:\/\/www.chaka2.com\/de\/wp-json\/wp\/v2\/media?parent=133206"}],"wp:term":[{"taxonomy":"portfolio_category","embeddable":true,"href":"https:\/\/www.chaka2.com\/de\/wp-json\/wp\/v2\/portfolio_category?post=133206"}],"curies":[{"name":"wp","href":"https:\/\/api.w.org\/{rel}","templated":true}]}}

<h2><span class="ui-provider ee bof bog boh boi boj bok bol bom bon boo bop boq bor bos bot bou bov bow box boy boz bpa bpb bpc bpd bpe bpf bpg bph bpi bpj bpk bpl bpm" dir="ltr">Take Flight</span>!</h2>
<p>Am 26. September 2021 kehrte der Red Bull Flugtag nach neun Jahren in die Brigittenauer Bucht zurück, und Chaka2 übernahm die <strong>Event Planung &amp; Umsetzung</strong>. Mit vierzig Teams, die kreative Fluggeräte präsentierten, begeisterte das Event die Zuschauer. Chaka2 war für das <strong>Branding der Veranstaltung</strong>, die <strong>Integration der Partner</strong> und maßgeschneiderte <strong>Getränkekarten</strong> zuständig. Für die musikalische Untermalung sorgte Folkshilfe, während Chaka2 in den Bereichen <strong>Aktivierungen &amp; Promotion Pool</strong> sowie <strong>Roadshow &amp; Logistik</strong> unterstützte. Die <strong>Social Media &amp; Content Creation</strong> brachte das Event digital zum Leben, während <strong>Grafik Design</strong> für ein unverwechselbares visuelles Erlebnis sorgte.</p>
<p>Dank der engen Zusammenarbeit mit Emak Productions GmbH und Red Bull Austria wurde dieser spektakuläre Flugtag ein voller Erfolg.</p>
<p>&nbsp;</p>
<p>2021</p>

<p>Take Flight! Am 26. September 2021 kehrte der Red Bull Flugtag nach neun Jahren in die Brigittenauer Bucht zurück, und [&hellip;]</p>

<!-- This site is optimized with the Yoast SEO plugin v27.5 - https://yoast.com/product/yoast-seo-wordpress/ -->
<title>Red Bull Flugtag | Chaka2</title>
<meta name="robots" content="index, follow, max-snippet:-1, max-image-preview:large, max-video-preview:-1" />
<link rel="canonical" href="https://www.chaka2.com/de/projects/red-bull-flugtag/" />
<meta property="og:locale" content="de_DE" />
<meta property="og:type" content="article" />
<meta property="og:title" content="Red Bull Flugtag | Chaka2" />
<meta property="og:description" content="Take Flight! Am 26. September 2021 kehrte der Red Bull Flugtag nach neun Jahren in die Brigittenauer Bucht zurück, und [&hellip;]" />
<meta property="og:url" content="https://www.chaka2.com/de/projects/red-bull-flugtag/" />
<meta property="og:site_name" content="Chaka2" />
<meta property="article:modified_time" content="2025-01-22T12:41:09+00:00" />
<meta property="og:image" content="https://www.chaka2.com/wp-content/uploads/SI202109260948_hires_jpeg_24bit_rgb.jpg" />
	<meta property="og:image:width" content="1920" />
	<meta property="og:image:height" content="1280" />
	<meta property="og:image:type" content="image/jpeg" />
<meta name="twitter:card" content="summary_large_image" />
<meta name="twitter:label1" content="Geschätzte Lesezeit" />
	<meta name="twitter:data1" content="1 Minute" />
<script type="application/ld+json" class="yoast-schema-graph">{"@context":"https:\/\/schema.org","@graph":[{"@type":"WebPage","@id":"https:\/\/www.chaka2.com\/de\/projects\/red-bull-flugtag\/","url":"https:\/\/www.chaka2.com\/de\/projects\/red-bull-flugtag\/","name":"Red Bull Flugtag | Chaka2","isPartOf":{"@id":"https:\/\/www.chaka2.com\/de\/#website"},"primaryImageOfPage":{"@id":"https:\/\/www.chaka2.com\/de\/projects\/red-bull-flugtag\/#primaryimage"},"image":{"@id":"https:\/\/www.chaka2.com\/de\/projects\/red-bull-flugtag\/#primaryimage"},"thumbnailUrl":"https:\/\/www.chaka2.com\/wp-content\/uploads\/SI202109260948_hires_jpeg_24bit_rgb.jpg","datePublished":"2023-11-16T15:02:32+00:00","dateModified":"2025-01-22T12:41:09+00:00","breadcrumb":{"@id":"https:\/\/www.chaka2.com\/de\/projects\/red-bull-flugtag\/#breadcrumb"},"inLanguage":"de","potentialAction":[{"@type":"ReadAction","target":["https:\/\/www.chaka2.com\/de\/projects\/red-bull-flugtag\/"]}]},{"@type":"ImageObject","inLanguage":"de","@id":"https:\/\/www.chaka2.com\/de\/projects\/red-bull-flugtag\/#primaryimage","url":"https:\/\/www.chaka2.com\/wp-content\/uploads\/SI202109260948_hires_jpeg_24bit_rgb.jpg","contentUrl":"https:\/\/www.chaka2.com\/wp-content\/uploads\/SI202109260948_hires_jpeg_24bit_rgb.jpg","width":1920,"height":1280,"caption":"Winners DIE FLUEGELMUETTER perform during the Red Bull Flugtag 2021 in Vienna, Austria on September 26, 2021 \/\/ Philip Platzer \/ Red Bull Content Pool \/\/ SI202109260948 \/\/ Usage for editorial use only \/\/"},{"@type":"BreadcrumbList","@id":"https:\/\/www.chaka2.com\/de\/projects\/red-bull-flugtag\/#breadcrumb","itemListElement":[{"@type":"ListItem","position":1,"name":"Startseite","item":"https:\/\/www.chaka2.com\/de\/"},{"@type":"ListItem","position":2,"name":"Project","item":"https:\/\/www.chaka2.com\/de\/projects\/"},{"@type":"ListItem","position":3,"name":"Red Bull Flugtag"}]},{"@type":"WebSite","@id":"https:\/\/www.chaka2.com\/de\/#website","url":"https:\/\/www.chaka2.com\/de\/","name":"Chaka2","description":"The Live Marketing Agency in Salzburg","publisher":{"@id":"https:\/\/www.chaka2.com\/de\/#organization"},"potentialAction":[{"@type":"SearchAction","target":{"@type":"EntryPoint","urlTemplate":"https:\/\/www.chaka2.com\/de\/?s={search_term_string}"},"query-input":{"@type":"PropertyValueSpecification","valueRequired":true,"valueName":"search_term_string"}}],"inLanguage":"de"},{"@type":"Organization","@id":"https:\/\/www.chaka2.com\/de\/#organization","name":"Chaka2","url":"https:\/\/www.chaka2.com\/de\/","logo":{"@type":"ImageObject","inLanguage":"de","@id":"https:\/\/www.chaka2.com\/de\/#\/schema\/logo\/image\/","url":"https:\/\/www.chaka2.com\/wp-content\/uploads\/Chaka2_Black_Logo.png","contentUrl":"https:\/\/www.chaka2.com\/wp-content\/uploads\/Chaka2_Black_Logo.png","width":959,"height":247,"caption":"Chaka2"},"image":{"@id":"https:\/\/www.chaka2.com\/de\/#\/schema\/logo\/image\/"}}]}</script>
<!-- / Yoast SEO plugin. -->

Take Flight! Am 26. September 2021 kehrte der Red Bull Flugtag nach neun Jahren in die Brigittenauer Bucht zurück, und [&hellip;]
