{"id":134826,"date":"2024-08-06T13:49:26","date_gmt":"2024-08-06T11:49:26","guid":{"rendered":"https:\/\/www.chaka2.com\/?post_type=portfolio&#038;p=134826"},"modified":"2025-08-06T11:14:46","modified_gmt":"2025-08-06T09:14:46","slug":"audi-performance-camp","status":"publish","type":"portfolio","link":"https:\/\/www.chaka2.com\/de\/projects\/audi-performance-camp\/","title":{"rendered":"Audi Performance Camp"},"content":{"rendered":"<h2>Performance Camp X Patrick Lange<\/h2>\n<p style=\"font-weight: 400;\">Im Jahr 2023 trat der Weltklasse Triathlet Patrick Lange beim Audi Performance Camp auf, um Einblicke in sein Leben als Spitzenathlet zu geben. Der zweifache Ironman Hawaii-Champion teilte in einer praktischen Lektion wertvolle Tipps f\u00fcr eine effiziente und nachhaltige Leistungsverbesserung. Im Jahr 2024 erweiterte sich das Audi Performance Camp, als Patrick Lange erneut wertvolle Einblicke in den Hochleistungssport gab. F\u00fcr fortgeschrittene Triathleten gab es praxisnahe Trainingssessions, bei denen sie ihre Grenzen bei Radfahren, intensivem Lauf- und Techniktraining, exklusiven Schwimmeinheiten sowie einem Materialworkshop mit Canyon und dem Audi Fahr-Erlebnis ausloten konnten.<\/p>\n<p style=\"font-weight: 400;\">F\u00fcr beide Jahre \u00fcbernahm Chaka2 die Event- und Markenplanung, Konzeption, Beratung sowie die Durchf\u00fchrung der Roadshow.<\/p>\n<p>&nbsp;<\/p>\n<p>2023 &#8211; 2024<\/p>\n","protected":false},"excerpt":{"rendered":"<p>Performance Camp X Patrick Lange Im Jahr 2023 trat der Weltklasse Triathlet Patrick Lange beim Audi Performance Camp auf, um [&hellip;]<\/p>\n","protected":false},"author":4,"featured_media":132939,"parent":0,"menu_order":55,"comment_status":"closed","ping_status":"closed","template":"","meta":{"footnotes":""},"portfolio_category":[254,200],"class_list":["post-134826","portfolio","type-portfolio","status-publish","has-post-thumbnail","hentry","portfolio_category-sport-musik-event-de","portfolio_category-audi-de"],"yoast_head":"<!-- This site is optimized with the Yoast SEO plugin v27.4 - https:\/\/yoast.com\/product\/yoast-seo-wordpress\/ -->\n<title>Audi Performance Camp | Chaka2<\/title>\n<meta name=\"robots\" content=\"index, follow, max-snippet:-1, max-image-preview:large, max-video-preview:-1\" \/>\n<link rel=\"canonical\" href=\"https:\/\/www.chaka2.com\/de\/projects\/audi-performance-camp\/\" \/>\n<meta property=\"og:locale\" content=\"de_DE\" \/>\n<meta property=\"og:type\" content=\"article\" \/>\n<meta property=\"og:title\" content=\"Audi Performance Camp | Chaka2\" \/>\n<meta property=\"og:description\" content=\"Performance Camp X Patrick Lange Im Jahr 2023 trat der Weltklasse Triathlet Patrick Lange beim Audi Performance Camp auf, um [&hellip;]\" \/>\n<meta property=\"og:url\" content=\"https:\/\/www.chaka2.com\/de\/projects\/audi-performance-camp\/\" \/>\n<meta property=\"og:site_name\" content=\"Chaka2\" \/>\n<meta property=\"article:modified_time\" content=\"2025-08-06T09:14:46+00:00\" \/>\n<meta property=\"og:image\" content=\"https:\/\/www.chaka2.com\/wp-content\/uploads\/Bilder_des_Tages-228.jpg\" \/>\n\t<meta property=\"og:image:width\" content=\"1920\" \/>\n\t<meta property=\"og:image:height\" content=\"1080\" \/>\n\t<meta property=\"og:image:type\" content=\"image\/jpeg\" \/>\n<meta name=\"twitter:card\" content=\"summary_large_image\" \/>\n<meta name=\"twitter:label1\" content=\"Gesch\u00e4tzte Lesezeit\" \/>\n\t<meta name=\"twitter:data1\" content=\"1\u00a0Minute\" \/>\n<script type=\"application\/ld+json\" class=\"yoast-schema-graph\">{\"@context\":\"https:\\\/\\\/schema.org\",\"@graph\":[{\"@type\":\"WebPage\",\"@id\":\"https:\\\/\\\/www.chaka2.com\\\/de\\\/projects\\\/audi-performance-camp\\\/\",\"url\":\"https:\\\/\\\/www.chaka2.com\\\/de\\\/projects\\\/audi-performance-camp\\\/\",\"name\":\"Audi Performance Camp | Chaka2\",\"isPartOf\":{\"@id\":\"https:\\\/\\\/www.chaka2.com\\\/de\\\/#website\"},\"primaryImageOfPage\":{\"@id\":\"https:\\\/\\\/www.chaka2.com\\\/de\\\/projects\\\/audi-performance-camp\\\/#primaryimage\"},\"image\":{\"@id\":\"https:\\\/\\\/www.chaka2.com\\\/de\\\/projects\\\/audi-performance-camp\\\/#primaryimage\"},\"thumbnailUrl\":\"https:\\\/\\\/www.chaka2.com\\\/wp-content\\\/uploads\\\/Bilder_des_Tages-228.jpg\",\"datePublished\":\"2024-08-06T11:49:26+00:00\",\"dateModified\":\"2025-08-06T09:14:46+00:00\",\"breadcrumb\":{\"@id\":\"https:\\\/\\\/www.chaka2.com\\\/de\\\/projects\\\/audi-performance-camp\\\/#breadcrumb\"},\"inLanguage\":\"de\",\"potentialAction\":[{\"@type\":\"ReadAction\",\"target\":[\"https:\\\/\\\/www.chaka2.com\\\/de\\\/projects\\\/audi-performance-camp\\\/\"]}]},{\"@type\":\"ImageObject\",\"inLanguage\":\"de\",\"@id\":\"https:\\\/\\\/www.chaka2.com\\\/de\\\/projects\\\/audi-performance-camp\\\/#primaryimage\",\"url\":\"https:\\\/\\\/www.chaka2.com\\\/wp-content\\\/uploads\\\/Bilder_des_Tages-228.jpg\",\"contentUrl\":\"https:\\\/\\\/www.chaka2.com\\\/wp-content\\\/uploads\\\/Bilder_des_Tages-228.jpg\",\"width\":1920,\"height\":1080},{\"@type\":\"BreadcrumbList\",\"@id\":\"https:\\\/\\\/www.chaka2.com\\\/de\\\/projects\\\/audi-performance-camp\\\/#breadcrumb\",\"itemListElement\":[{\"@type\":\"ListItem\",\"position\":1,\"name\":\"Startseite\",\"item\":\"https:\\\/\\\/www.chaka2.com\\\/de\\\/\"},{\"@type\":\"ListItem\",\"position\":2,\"name\":\"Project\",\"item\":\"https:\\\/\\\/www.chaka2.com\\\/de\\\/projects\\\/\"},{\"@type\":\"ListItem\",\"position\":3,\"name\":\"Audi Performance Camp\"}]},{\"@type\":\"WebSite\",\"@id\":\"https:\\\/\\\/www.chaka2.com\\\/de\\\/#website\",\"url\":\"https:\\\/\\\/www.chaka2.com\\\/de\\\/\",\"name\":\"Chaka2\",\"description\":\"The Live Marketing Agency in Salzburg\",\"publisher\":{\"@id\":\"https:\\\/\\\/www.chaka2.com\\\/de\\\/#organization\"},\"potentialAction\":[{\"@type\":\"SearchAction\",\"target\":{\"@type\":\"EntryPoint\",\"urlTemplate\":\"https:\\\/\\\/www.chaka2.com\\\/de\\\/?s={search_term_string}\"},\"query-input\":{\"@type\":\"PropertyValueSpecification\",\"valueRequired\":true,\"valueName\":\"search_term_string\"}}],\"inLanguage\":\"de\"},{\"@type\":\"Organization\",\"@id\":\"https:\\\/\\\/www.chaka2.com\\\/de\\\/#organization\",\"name\":\"Chaka2\",\"url\":\"https:\\\/\\\/www.chaka2.com\\\/de\\\/\",\"logo\":{\"@type\":\"ImageObject\",\"inLanguage\":\"de\",\"@id\":\"https:\\\/\\\/www.chaka2.com\\\/de\\\/#\\\/schema\\\/logo\\\/image\\\/\",\"url\":\"https:\\\/\\\/www.chaka2.com\\\/wp-content\\\/uploads\\\/Chaka2_Black_Logo.png\",\"contentUrl\":\"https:\\\/\\\/www.chaka2.com\\\/wp-content\\\/uploads\\\/Chaka2_Black_Logo.png\",\"width\":959,\"height\":247,\"caption\":\"Chaka2\"},\"image\":{\"@id\":\"https:\\\/\\\/www.chaka2.com\\\/de\\\/#\\\/schema\\\/logo\\\/image\\\/\"}}]}<\/script>\n<!-- \/ Yoast SEO plugin. -->","yoast_head_json":{"title":"Audi Performance Camp | Chaka2","robots":{"index":"index","follow":"follow","max-snippet":"max-snippet:-1","max-image-preview":"max-image-preview:large","max-video-preview":"max-video-preview:-1"},"canonical":"https:\/\/www.chaka2.com\/de\/projects\/audi-performance-camp\/","og_locale":"de_DE","og_type":"article","og_title":"Audi Performance Camp | Chaka2","og_description":"Performance Camp X Patrick Lange Im Jahr 2023 trat der Weltklasse Triathlet Patrick Lange beim Audi Performance Camp auf, um [&hellip;]","og_url":"https:\/\/www.chaka2.com\/de\/projects\/audi-performance-camp\/","og_site_name":"Chaka2","article_modified_time":"2025-08-06T09:14:46+00:00","og_image":[{"width":1920,"height":1080,"url":"https:\/\/www.chaka2.com\/wp-content\/uploads\/Bilder_des_Tages-228.jpg","type":"image\/jpeg"}],"twitter_card":"summary_large_image","twitter_misc":{"Gesch\u00e4tzte Lesezeit":"1\u00a0Minute"},"schema":{"@context":"https:\/\/schema.org","@graph":[{"@type":"WebPage","@id":"https:\/\/www.chaka2.com\/de\/projects\/audi-performance-camp\/","url":"https:\/\/www.chaka2.com\/de\/projects\/audi-performance-camp\/","name":"Audi Performance Camp | Chaka2","isPartOf":{"@id":"https:\/\/www.chaka2.com\/de\/#website"},"primaryImageOfPage":{"@id":"https:\/\/www.chaka2.com\/de\/projects\/audi-performance-camp\/#primaryimage"},"image":{"@id":"https:\/\/www.chaka2.com\/de\/projects\/audi-performance-camp\/#primaryimage"},"thumbnailUrl":"https:\/\/www.chaka2.com\/wp-content\/uploads\/Bilder_des_Tages-228.jpg","datePublished":"2024-08-06T11:49:26+00:00","dateModified":"2025-08-06T09:14:46+00:00","breadcrumb":{"@id":"https:\/\/www.chaka2.com\/de\/projects\/audi-performance-camp\/#breadcrumb"},"inLanguage":"de","potentialAction":[{"@type":"ReadAction","target":["https:\/\/www.chaka2.com\/de\/projects\/audi-performance-camp\/"]}]},{"@type":"ImageObject","inLanguage":"de","@id":"https:\/\/www.chaka2.com\/de\/projects\/audi-performance-camp\/#primaryimage","url":"https:\/\/www.chaka2.com\/wp-content\/uploads\/Bilder_des_Tages-228.jpg","contentUrl":"https:\/\/www.chaka2.com\/wp-content\/uploads\/Bilder_des_Tages-228.jpg","width":1920,"height":1080},{"@type":"BreadcrumbList","@id":"https:\/\/www.chaka2.com\/de\/projects\/audi-performance-camp\/#breadcrumb","itemListElement":[{"@type":"ListItem","position":1,"name":"Startseite","item":"https:\/\/www.chaka2.com\/de\/"},{"@type":"ListItem","position":2,"name":"Project","item":"https:\/\/www.chaka2.com\/de\/projects\/"},{"@type":"ListItem","position":3,"name":"Audi Performance Camp"}]},{"@type":"WebSite","@id":"https:\/\/www.chaka2.com\/de\/#website","url":"https:\/\/www.chaka2.com\/de\/","name":"Chaka2","description":"The Live Marketing Agency in Salzburg","publisher":{"@id":"https:\/\/www.chaka2.com\/de\/#organization"},"potentialAction":[{"@type":"SearchAction","target":{"@type":"EntryPoint","urlTemplate":"https:\/\/www.chaka2.com\/de\/?s={search_term_string}"},"query-input":{"@type":"PropertyValueSpecification","valueRequired":true,"valueName":"search_term_string"}}],"inLanguage":"de"},{"@type":"Organization","@id":"https:\/\/www.chaka2.com\/de\/#organization","name":"Chaka2","url":"https:\/\/www.chaka2.com\/de\/","logo":{"@type":"ImageObject","inLanguage":"de","@id":"https:\/\/www.chaka2.com\/de\/#\/schema\/logo\/image\/","url":"https:\/\/www.chaka2.com\/wp-content\/uploads\/Chaka2_Black_Logo.png","contentUrl":"https:\/\/www.chaka2.com\/wp-content\/uploads\/Chaka2_Black_Logo.png","width":959,"height":247,"caption":"Chaka2"},"image":{"@id":"https:\/\/www.chaka2.com\/de\/#\/schema\/logo\/image\/"}}]}},"_links":{"self":[{"href":"https:\/\/www.chaka2.com\/de\/wp-json\/wp\/v2\/portfolio\/134826","targetHints":{"allow":["GET"]}}],"collection":[{"href":"https:\/\/www.chaka2.com\/de\/wp-json\/wp\/v2\/portfolio"}],"about":[{"href":"https:\/\/www.chaka2.com\/de\/wp-json\/wp\/v2\/types\/portfolio"}],"author":[{"embeddable":true,"href":"https:\/\/www.chaka2.com\/de\/wp-json\/wp\/v2\/users\/4"}],"replies":[{"embeddable":true,"href":"https:\/\/www.chaka2.com\/de\/wp-json\/wp\/v2\/comments?post=134826"}],"version-history":[{"count":5,"href":"https:\/\/www.chaka2.com\/de\/wp-json\/wp\/v2\/portfolio\/134826\/revisions"}],"predecessor-version":[{"id":146178,"href":"https:\/\/www.chaka2.com\/de\/wp-json\/wp\/v2\/portfolio\/134826\/revisions\/146178"}],"wp:featuredmedia":[{"embeddable":true,"href":"https:\/\/www.chaka2.com\/de\/wp-json\/wp\/v2\/media\/132939"}],"wp:attachment":[{"href":"https:\/\/www.chaka2.com\/de\/wp-json\/wp\/v2\/media?parent=134826"}],"wp:term":[{"taxonomy":"portfolio_category","embeddable":true,"href":"https:\/\/www.chaka2.com\/de\/wp-json\/wp\/v2\/portfolio_category?post=134826"}],"curies":[{"name":"wp","href":"https:\/\/api.w.org\/{rel}","templated":true}]}}

<h2>Performance Camp X Patrick Lange</h2>
<p style="font-weight: 400;">Im Jahr 2023 trat der Weltklasse Triathlet Patrick Lange beim Audi Performance Camp auf, um Einblicke in sein Leben als Spitzenathlet zu geben. Der zweifache Ironman Hawaii-Champion teilte in einer praktischen Lektion wertvolle Tipps für eine effiziente und nachhaltige Leistungsverbesserung. Im Jahr 2024 erweiterte sich das Audi Performance Camp, als Patrick Lange erneut wertvolle Einblicke in den Hochleistungssport gab. Für fortgeschrittene Triathleten gab es praxisnahe Trainingssessions, bei denen sie ihre Grenzen bei Radfahren, intensivem Lauf- und Techniktraining, exklusiven Schwimmeinheiten sowie einem Materialworkshop mit Canyon und dem Audi Fahr-Erlebnis ausloten konnten.</p>
<p style="font-weight: 400;">Für beide Jahre übernahm Chaka2 die Event- und Markenplanung, Konzeption, Beratung sowie die Durchführung der Roadshow.</p>
<p>&nbsp;</p>
<p>2023 &#8211; 2024</p>

<!-- This site is optimized with the Yoast SEO plugin v27.4 - https://yoast.com/product/yoast-seo-wordpress/ -->
<title>Audi Performance Camp | Chaka2</title>
<meta name="robots" content="index, follow, max-snippet:-1, max-image-preview:large, max-video-preview:-1" />
<link rel="canonical" href="https://www.chaka2.com/de/projects/audi-performance-camp/" />
<meta property="og:locale" content="de_DE" />
<meta property="og:type" content="article" />
<meta property="og:title" content="Audi Performance Camp | Chaka2" />
<meta property="og:description" content="Performance Camp X Patrick Lange Im Jahr 2023 trat der Weltklasse Triathlet Patrick Lange beim Audi Performance Camp auf, um [&hellip;]" />
<meta property="og:url" content="https://www.chaka2.com/de/projects/audi-performance-camp/" />
<meta property="og:site_name" content="Chaka2" />
<meta property="article:modified_time" content="2025-08-06T09:14:46+00:00" />
<meta property="og:image" content="https://www.chaka2.com/wp-content/uploads/Bilder_des_Tages-228.jpg" />
	<meta property="og:image:width" content="1920" />
	<meta property="og:image:height" content="1080" />
	<meta property="og:image:type" content="image/jpeg" />
<meta name="twitter:card" content="summary_large_image" />
<meta name="twitter:label1" content="Geschätzte Lesezeit" />
	<meta name="twitter:data1" content="1 Minute" />
<script type="application/ld+json" class="yoast-schema-graph">{"@context":"https:\/\/schema.org","@graph":[{"@type":"WebPage","@id":"https:\/\/www.chaka2.com\/de\/projects\/audi-performance-camp\/","url":"https:\/\/www.chaka2.com\/de\/projects\/audi-performance-camp\/","name":"Audi Performance Camp | Chaka2","isPartOf":{"@id":"https:\/\/www.chaka2.com\/de\/#website"},"primaryImageOfPage":{"@id":"https:\/\/www.chaka2.com\/de\/projects\/audi-performance-camp\/#primaryimage"},"image":{"@id":"https:\/\/www.chaka2.com\/de\/projects\/audi-performance-camp\/#primaryimage"},"thumbnailUrl":"https:\/\/www.chaka2.com\/wp-content\/uploads\/Bilder_des_Tages-228.jpg","datePublished":"2024-08-06T11:49:26+00:00","dateModified":"2025-08-06T09:14:46+00:00","breadcrumb":{"@id":"https:\/\/www.chaka2.com\/de\/projects\/audi-performance-camp\/#breadcrumb"},"inLanguage":"de","potentialAction":[{"@type":"ReadAction","target":["https:\/\/www.chaka2.com\/de\/projects\/audi-performance-camp\/"]}]},{"@type":"ImageObject","inLanguage":"de","@id":"https:\/\/www.chaka2.com\/de\/projects\/audi-performance-camp\/#primaryimage","url":"https:\/\/www.chaka2.com\/wp-content\/uploads\/Bilder_des_Tages-228.jpg","contentUrl":"https:\/\/www.chaka2.com\/wp-content\/uploads\/Bilder_des_Tages-228.jpg","width":1920,"height":1080},{"@type":"BreadcrumbList","@id":"https:\/\/www.chaka2.com\/de\/projects\/audi-performance-camp\/#breadcrumb","itemListElement":[{"@type":"ListItem","position":1,"name":"Startseite","item":"https:\/\/www.chaka2.com\/de\/"},{"@type":"ListItem","position":2,"name":"Project","item":"https:\/\/www.chaka2.com\/de\/projects\/"},{"@type":"ListItem","position":3,"name":"Audi Performance Camp"}]},{"@type":"WebSite","@id":"https:\/\/www.chaka2.com\/de\/#website","url":"https:\/\/www.chaka2.com\/de\/","name":"Chaka2","description":"The Live Marketing Agency in Salzburg","publisher":{"@id":"https:\/\/www.chaka2.com\/de\/#organization"},"potentialAction":[{"@type":"SearchAction","target":{"@type":"EntryPoint","urlTemplate":"https:\/\/www.chaka2.com\/de\/?s={search_term_string}"},"query-input":{"@type":"PropertyValueSpecification","valueRequired":true,"valueName":"search_term_string"}}],"inLanguage":"de"},{"@type":"Organization","@id":"https:\/\/www.chaka2.com\/de\/#organization","name":"Chaka2","url":"https:\/\/www.chaka2.com\/de\/","logo":{"@type":"ImageObject","inLanguage":"de","@id":"https:\/\/www.chaka2.com\/de\/#\/schema\/logo\/image\/","url":"https:\/\/www.chaka2.com\/wp-content\/uploads\/Chaka2_Black_Logo.png","contentUrl":"https:\/\/www.chaka2.com\/wp-content\/uploads\/Chaka2_Black_Logo.png","width":959,"height":247,"caption":"Chaka2"},"image":{"@id":"https:\/\/www.chaka2.com\/de\/#\/schema\/logo\/image\/"}}]}</script>
<!-- / Yoast SEO plugin. -->
